Let i be 0 + 8/2 - 110. Let t = i + 29. Let r = t + 157. What are the prime factors of r?
2, 5
Suppose -3*n + 56880 = 2*g, 42*g - 18960 = -n + 37*g. List the prime factors of n.
2, 3, 5, 79
Let v(m) = -m**3 + 7*m**2 - 13*m + 9. Let a be v(4). Suppose -a*d + 16*d = 5665. What are the prime factors of d?
5, 103
Let c be (-1 - -659) + (-4 - 5 - -6). Suppose j + 5*d - 6*d = c, 4*d + 3270 = 5*j. List the prime factors of j.
2, 5, 13
Let s = 23 + -18. Suppose 3*v - 17 + 2 = s*t, -3*v + 4*t + 15 = 0. Let b(w) = 3*w**3 - 12*w**2 - 7. What are the prime factors of b(v)?
2, 17
Let q(v) = 2*v - 20. Let c be q(12). Suppose 3*l - c*z = 58, 4 = -z + 6. Let u = l + -13. What are the prime factors of u?
3
Suppose -58*y = -154066 - 754504. List the prime factors of y.
5, 13, 241
Let m = 2037 + -2029. Let k be (240/9 - 1)*636. List the prime factors of k/98 + m/(-14).
2, 83
Let b be (-8)/(-12) - 165/(-9). Suppose 0 = 8*i - 61 - 59. Suppose 576 = -i*z + b*z. List the prime factors of z.
2, 3
Let k = 375 - 265. Suppose -4*j + 0*j = -f - 99, -5*j + k = -4*f. Suppose -j = -2*w + 50. List the prime factors of w.
2, 19
Suppose 125 = 8*s - 2771. Suppose -2*c = -2*d + 420 + 288, -d - c + s = 0. What are the prime factors of d?
2, 179
Let b(f) = f**3 + f**2 + 4. Let m(c) = -c - 19. Let i be m(-23). What are the prime factors of b(i)?
2, 3, 7
Suppose 0 = 28*d - 747 - 9. List the prime factors of d.
3
Let a(i) = i**3 + 9*i**2 - 12*i - 1. Let z be a(-10). Let u = z + -25. What are the prime factors of (-16)/u*-6*-4?
2
Suppose -115*g + 59*g + 2140824 = 0. List the prime factors of g.
3, 12743
Let r = -66 - -59. What are the prime factors of (r - -282*2) + -3?
2, 277
Suppose 0 = -12*d - 77 - 31. Let c(l) = -l**3 - 4*l**2 - 2*l - 20. List the prime factors of c(d).
13, 31
Let x(h) = -5*h**2 - 14*h + 14. Let l be x(5). Let z = 461 + l. List the prime factors of z.
2, 5, 7
Let l be 40/(-100) - (-54)/10. Suppose y - 788 = -4*t, 693 - 4633 = -l*y + 4*t. What are the prime factors of y?
2, 197
Let v(r) = r**3 + 5*r**2 + r + 5. Let s be v(-4). Suppose l = 19 - s. Suppose -j = -20 + l. What are the prime factors of j?
2, 3
Let m = 38 - 13. Suppose -6*a - m = 23. Let w(b) = -8*b - 5. List the prime factors of w(a).
59
Let s = 397 + 3749. List the prime factors of s.
2, 3, 691
Let g(j) = -11*j**3 - 11*j**3 + 30 + 19*j**3. What are the prime factors of g(-5)?
3, 5
Let q(w) = 14*w**2 - 3*w + 2. Let g be q(-6). Suppose -4*l + 160 + g = 4*d, 3*l - 181 = -d. List the prime factors of d.
2, 83
Let o(l) = 4*l + 17. Let m be o(-4). List the prime factors of 92 + ((8 - 2) + -3)/m.
5, 19
Suppose -i + 8*f - 3*f + 10 = 0, i - f = 2. Suppose -o + 25 = 4*p, 0 = 3*o - 2*p + p - 10. Suppose a - 2*r - 1 = 129, i = -o*r. What are the prime factors of a?
2, 5, 13
Suppose 0 = -15*x + 18*x + 2*z - 99440, 6*x - z = 198920. What are the prime factors of x?
2, 7, 37
Let s be 110/35 - (-1)/(14/(-2)). Let p be -3 + s + 5 + 658. Suppose 2*u + p = 5*u. List the prime factors of u.
13, 17
Let d = 20852 + -10300. List the prime factors of d.
2, 1319
Let c = -69 - -69. Suppose -2*w + 720 + 138 = c. What are the prime factors of w?
3, 11, 13
Suppose -55*n - 75*n + 35*n = -174135. List the prime factors of n.
3, 13, 47
Let t(z) = z**3 - z**2 - z + 154. Let k be (-3 - (-2)/4)*(1 - 3). Suppose 5*o + 2*m - 3 = 7, k*m = 4*o + 25. List the prime factors of t(o).
2, 7, 11
Let x(u) = 32*u**3 + 10*u**2 - 3*u + 1. List the prime factors of x(3).
2, 11, 43
Let n = -2323 + 27729. What are the prime factors of n?
2, 12703
Let v(i) = -i**2 - 11*i - 15. Let u be v(-7). Let m = u - 13. Suppose m = o - 4*h - 9, 2*o - 7*o + 111 = 2*h. What are the prime factors of o?
3, 7
Let t be 526 + (6/(-9))/(26/117). Suppose -3*w + 4169 + t = 0. What are the prime factors of w?
2, 17, 23
Suppose -41 = -5*h + 54. Let y = -14 + h. Suppose -334 = -4*m + 5*b + 51, 0 = 5*m - y*b - 480. List the prime factors of m.
5, 19
Let q = 2431124 + -1123636. What are the prime factors of 2/(-15) - q/(-1560)?
2, 419
Let u = -155 - -163. Suppose -3*l = p - 1126, -1111 = -3*l + 4*p - u*p. List the prime factors of l.
13, 29
Suppose 2*x - r = 14, -22*x + 3*r + 32 = -18*x. Let s(z) = 4*z**3 + z**2 - 3*z - 45. What are the prime factors of s(x)?
3, 5, 31
Let d(f) = 41*f + 88. Let m be d(16). Suppose -3*i = -p + 256, 5*p - m = -2*i + 604. List the prime factors of p.
2, 67
Let y = 26 - 23. Suppose -d - y = -2. What are the prime factors of 1*d - (-16 - 72)?
3, 29
Let o be 9/18 - (-35)/2. Suppose 0 = 6*g - g + 4*n - o, -2*n = -4. Suppose g*p - 60 = -2*f - 2*f, 90 = 2*p - 2*f. List the prime factors of p.
2, 5
Let l(a) = -a - 6. Let z be l(-18). Suppose 12 - z = -5*q. Suppose q = -12*h + 16*h - 72. List the prime factors of h.
2, 3
Suppose -66 + 186 = 6*g. Suppose g*h - 2148 = 16*h. List the prime factors of h.
3, 179
Let y(a) = a**3 + 7*a**2 - 27*a + 11. Let w be y(-10). Let v = 24 + w. Suppose -4*d + v*p + 712 = -0*d, -2*d - p + 370 = 0. List the prime factors of d.
3, 61
Suppose 68 = 28*g - 26*g - 4*m, 0 = 4*m + 8. What are the prime factors of (-20)/g - (3 - 6715/15)?
2, 3, 37
Suppose 3*i - 2832 = -2*f + 1627, 7440 = 5*i - 5*f. Suppose -h + i = 2*q, 4*h + 4*q + 1511 = 5*h. List the prime factors of h.
5, 13, 23
Let m = -6 + 9. Suppose 3*t - 46 = -4*y, -11*t + 8*t - 24 = -m*y. What are the prime factors of y?
2, 5
Let a(t) = -2*t**2 + 53*t + 24. Let u be a(27). What are the prime factors of u/5 - 5/(275/(-32868))?
3, 199
What are the prime factors of -3 + 0 + 15 - (35 + -82258)?
5, 16447
Suppose 2*y + y = 120. Suppose -82*n + 95*n = -416. Let x = y + n. What are the prime factors of x?
2
Suppose 0 = -10*p - 50 + 80. Suppose a + 12*x = 9*x + 80, 2*a = p*x + 169. What are the prime factors of a?
83
Let s = 254 - 72. Suppose -4*w = 2*b - 1168, -5*w + 1263 + s = -5*b. Suppose 2*a = -5*k + w, 5*k + 657 = -2*a + 6*a. What are the prime factors of a?
2, 79
Suppose 98*c + 192 = 102*c. Let p = 267 + c. List the prime factors of p.
3, 5, 7
Let b = 5641 - 5621. What are the prime factors of b?
2, 5
Suppose 3882 = 16*j - 768 - 1814. List the prime factors of j.
2, 101
Let o = -36 + 56. Let a = 19 - o. What are the prime factors of a*((-4)/(-4) - 55)?
2, 3
Let x(v) = -4*v**3 - 2*v**2 + 2*v - 2. Let b be x(-3). Suppose 3*n - 98 = -5*g - n, -5*n - 59 = -2*g. Let l = b - g. What are the prime factors of l?
2, 3, 5
Let q = 13289 - -52. List the prime factors of q.
3, 4447
Let o(y) = 1441*y + 1104. What are the prime factors of o(20)?
2, 7481
Let v = 5841 - -24183. List the prime factors of v.
2, 3, 139
Let j(i) = -8*i + 5. Let c(z) = -5*z - 88. Let w be c(-16). What are the prime factors of j(w)?
3, 23
Suppose 0 = 4*z + 5*w - 17, -7*w + 2*w = -3*z + 4. List the prime factors of ((-8)/(-12))/((-2)/z) - -364.
3, 11
Suppose 621040 - 2564565 = -85*q. What are the prime factors of q?
5, 17, 269
Let i = -24983 + 41789. What are the prime factors of i?
2, 3, 2801
Let y = 29366 - 473. What are the prime factors of y?
3, 9631
What are the prime factors of (-2 + 6)*(12/(-6))/16*-132972?
2, 3, 7, 1583
Suppose 0 = 4*y + 12, -3*h = -4*h - y - 3. Suppose h = -2*u + 5*b + 355, u - 3*b - 147 - 30 = 0. What are the prime factors of u?
2, 3, 5
Let x = -27 - -32. Suppose -4*t + 73 = 3*f - 6*t, -3*f = x*t - 38. Let q(h) = h**2 - 21*h + 18. List the prime factors of q(f).
2, 3
Let h(o) = -86*o + 19. Let l be ((-8)/14 + 0)*(-27 + 34). What are the prime factors of h(l)?
3, 11
Let j = -12054 + 14608. List the prime factors of j.
2, 1277
Let l = -3266 + 3225. Let t = -46 + 137. Let a = t + l. List the prime factors of a.
2, 5
Let i = 81912 + 14727. What are the prime factors of i?
3, 32213
Let g = 19 + -19. Suppose -2*w + 4*s + s + 104 = 0, g = -s - 2. Suppose 84 = d - w. List the prime factors of d.
131
Suppose -43*o = -34*o - 27. Suppose 6 = o*c, 3*w - 8*c + 5*c - 2970 = 0. What are the prime factors of w?
2, 31
Suppose -8*l + 12*l - 86008 = 0. Suppose -14324 = -42*y + l. What are the prime factors of y?
853
Let q(y) = -y**3 - 32*y**2 + 1134. List the prime factors of q(0).
2, 3, 7
Let q be ((-5)/10)/(2/(-12))*1. List the prime factors of (27/(-6))/((7 - q)/(-592)).
2, 3, 37
Let t = 21 - 25. What are the prime factors of -4 + (-1)/(t/1596)?
5, 79
Suppose -g - 3*h - 5 = 0, 5*h + 1 = g - 34. Suppose g*